{"id":374,"date":"2014-05-27T22:44:42","date_gmt":"2014-05-27T22:44:42","guid":{"rendered":"http:\/\/tridimensionar.com\/?page_id=374"},"modified":"2015-05-04T10:27:59","modified_gmt":"2015-05-04T15:27:59","slug":"consultoria","status":"publish","type":"page","link":"https:\/\/tridimensionar.com\/?page_id=374&lang=es","title":{"rendered":"CONSULTOR\u00cdA"},"content":{"rendered":"<p style=\"font-size: 18px; font-weight: bold;\">PROYECTOS DE CONSULTOR\u00cdA EN ARQUITECTURA E INGENIER\u00cdA<\/p>\n<img src='wp-content\/uploads\/2014\/proyecto\/consultoria\/consultoria.jpg' height='auto' width='100%' title='' alt='' class='resize' \/>\n<p><span style=\"line-height: 1.5em;\"><div class=\"one-half\"><img src='wp-content\/uploads\/2014\/proyecto\/consultoria\/cinepolis.jpg' height='auto' width='auto' title='' alt='' class='' \/><\/div><\/span><\/p>\n<div class=\"one-second\"><\/p>\n<p style=\"text-align: justify;\"><span style=\"font-size: 16px; font-weight: bold;\">Proyecto: CINEPOLIS LIMONAR.<\/span><strong><br \/>\n<\/strong>Revisi\u00f3n y traducci\u00f3n de t\u00e9rminos del lenguaje t\u00e9cnico com\u00fan mexicano al lenguaje t\u00e9cnico com\u00fan colombiano, ajuste del proyecto a la normatividad local en los planos arquitect\u00f3nicos y an\u00e1lisis de paridad para especificaciones t\u00e9cnicas en materiales de acabados del proyecto de 14 salas de cine de <strong>CINEPOLIS<\/strong> en <strong>Centro Comercial PREMIERE<\/strong> al sur de la ciudad de Cali.<\/p>\n<p><\/div>\n","protected":false},"excerpt":{"rendered":"<p>PROYECTOS DE CONSULTOR\u00cdA EN ARQUITECTURA E INGENIER\u00cdA<\/p>\n","protected":false},"author":1,"featured_media":0,"parent":0,"menu_order":0,"comment_status":"closed","ping_status":"open","template":"template-fullwidth.php","meta":{"ngg_post_thumbnail":0},"categories":[],"tags":[],"_links":{"self":[{"href":"https:\/\/tridimensionar.com\/index.php?rest_route=\/wp\/v2\/pages\/374"}],"collection":[{"href":"https:\/\/tridimensionar.com\/index.php?rest_route=\/wp\/v2\/pages"}],"about":[{"href":"https:\/\/tridimensionar.com\/index.php?rest_route=\/wp\/v2\/types\/page"}],"author":[{"embeddable":true,"href":"https:\/\/tridimensionar.com\/index.php?rest_route=\/wp\/v2\/users\/1"}],"replies":[{"embeddable":true,"href":"https:\/\/tridimensionar.com\/index.php?rest_route=%2Fwp%2Fv2%2Fcomments&post=374"}],"version-history":[{"count":17,"href":"https:\/\/tridimensionar.com\/index.php?rest_route=\/wp\/v2\/pages\/374\/revisions"}],"predecessor-version":[{"id":1367,"href":"https:\/\/tridimensionar.com\/index.php?rest_route=\/wp\/v2\/pages\/374\/revisions\/1367"}],"wp:attachment":[{"href":"https:\/\/tridimensionar.com\/index.php?rest_route=%2Fwp%2Fv2%2Fmedia&parent=374"}],"wp:term":[{"taxonomy":"category","embeddable":true,"href":"https:\/\/tridimensionar.com\/index.php?rest_route=%2Fwp%2Fv2%2Fcategories&post=374"},{"taxonomy":"post_tag","embeddable":true,"href":"https:\/\/tridimensionar.com\/index.php?rest_route=%2Fwp%2Fv2%2Ftags&post=374"}],"curies":[{"name":"wp","href":"https:\/\/api.w.org\/{rel}","templated":true}]}}